{"id":192,"date":"2019-03-08T01:42:52","date_gmt":"2019-03-08T00:42:52","guid":{"rendered":"http:\/\/invernicolas.es\/?page_id=192"},"modified":"2019-03-08T01:43:44","modified_gmt":"2019-03-08T00:43:44","slug":"ultimas-novedades","status":"publish","type":"page","link":"https:\/\/invernicolas.es\/?page_id=192","title":{"rendered":"Ultimas Novedades"},"content":{"rendered":"\t\t<div data-elementor-type=\"wp-post\" data-elementor-id=\"192\" class=\"elementor elementor-192 elementor-bc-flex-widget\" data-elementor-settings=\"[]\">\n\t\t\t\t\t\t<div class=\"elementor-inner\">\n\t\t\t\t\t\t\t<div class=\"elementor-section-wrap\">\n\t\t\t\t\t\t\t<section class=\"elementor-section elementor-top-section elementor-element elementor-element-26ef04d elementor-section-boxed elementor-section-height-default elementor-section-height-default\" data-id=\"26ef04d\" data-element_type=\"section\">\n\t\t\t\t\t\t<div class=\"elementor-container elementor-column-gap-default\">\n\t\t\t\t\t\t\t<div class=\"elementor-row\">\n\t\t\t\t\t<div class=\"elementor-column elementor-col-100 elementor-top-column elementor-element elementor-element-d02f9e9\" data-id=\"d02f9e9\" data-element_type=\"column\">\n\t\t\t<div class=\"elementor-column-wrap elementor-element-populated\">\n\t\t\t\t\t\t\t<div class=\"elementor-widget-wrap\">\n\t\t\t\t\t\t<div class=\"elementor-element elementor-element-04d8a7e elementor-widget elementor-widget-wp-widget-rss\" data-id=\"04d8a7e\" data-element_type=\"widget\" data-widget_type=\"wp-widget-rss.default\">\n\t\t\t\t<div class=\"elementor-widget-container\">\n\t\t\t<h5><a class=\"rsswidget\" href=\"https:\/\/www.boe.es\/rss\/canal_leg.php?l=l&#038;c=101\"><img loading=\"lazy\" class=\"rss-widget-icon\" style=\"border:0\" width=\"14\" height=\"14\" src=\"https:\/\/invernicolas.es\/wp-includes\/images\/rss.png\" alt=\"RSS\" \/><\/a> <a class=\"rsswidget\" href=\"https:\/\/www.boe.es\/diario_boe\/\">Agricultura<\/a><\/h5><ul><li><a class='rsswidget' href='https:\/\/www.boe.es\/diario_boe\/txt.php?id=BOE-A-2026-18204'>Real Decreto 683\/2026, de 26 de agosto, por el que se modifican el Real Decreto 956\/2017, de 3 de noviembre, por el que se establece el marco regulador de ayudas a las organizaciones profesionales del sector de la pesca y de la acuicultura, cofinanciadas por el Fondo Europeo Mar\u00edtimo y de Pesca, y sus bases reguladoras de \u00e1mbito estatal, y por el que se modifican el Real Decreto 418\/2015, de 29 de mayo, por el que se regula la primera venta de productos pesqueros, y el Real Decreto 277\/2016, de 24 de junio, por el que se regulan las organizaciones profesionales en el sector de los productos de la pesca y de la acuicultura; el Real Decreto 1044\/2022, de 27 de diciembre, de ordenaci\u00f3n de la flota pesquera; y el Real Decreto 1046\/2022, de 27 de diciembre, por el que se regula la gobernanza del Plan Estrat\u00e9gico de la Pol\u00edtica Agr\u00edcola Com\u00fan en Espa\u00f1a y de los fondos europeos agr\u00edcolas FEAGA y Feader.<\/a> <span class=\"rss-date\">agosto 26, 2026<\/span><\/li><li><a class='rsswidget' href='https:\/\/www.boe.es\/diario_boe\/txt.php?id=BOE-A-2026-18205'>Real Decreto 684\/2026, de 26 de agosto, por el que se modifica el Real Decreto 1338\/2018, de 29 de octubre, por el que se regula el potencial de producci\u00f3n vit\u00edcola.<\/a> <span class=\"rss-date\">agosto 26, 2026<\/span><\/li><li><a class='rsswidget' href='https:\/\/www.boe.es\/diario_boe\/txt.php?id=BOE-B-2026-27920'>Extracto de la Resoluci\u00f3n de 26 de agosto de 2026, de la Direcci\u00f3n Provincial del SEPE en C\u00e1diz, por la que se anuncia convocatoria p\u00fablica extraordinaria de subvenciones, en r\u00e9gimen de concesi\u00f3n directa, para la contrataci\u00f3n de personas desempleadas, preferentemente eventuales incluidas en el Sistema Especial para Trabajadores por Cuenta Ajena Agrarios de la Seguridad Social, para la ejecuci\u00f3n de proyectos de inter\u00e9s general y social y de garant\u00eda de rentas, con cargo a los fondos del PFEA 2026<\/a> <span class=\"rss-date\">agosto 26, 2026<\/span><\/li><li><a class='rsswidget' href='https:\/\/www.boe.es\/diario_boe\/txt.php?id=BOE-A-2026-18005'>Orden APA\/878\/2026, de 12 de agosto, por la que se definen los bienes y rendimientos asegurables, las condiciones t\u00e9cnicas m\u00ednimas de cultivo, el \u00e1mbito de aplicaci\u00f3n, los periodos de garant\u00eda, las fechas de suscripci\u00f3n y los precios unitarios del seguro base con garant\u00edas adicionales para uva de vinificaci\u00f3n en la Pen\u00ednsula y en la Comunidad Aut\u00f3noma de las Illes Balears, comprendido en el Cuadrag\u00e9simo S\u00e9ptimo Plan de Seguros Agrarios Combinados.<\/a> <span class=\"rss-date\">agosto 20, 2026<\/span><\/li><li><a class='rsswidget' href='https:\/\/www.boe.es\/diario_boe\/txt.php?id=BOE-A-2026-18006'>Orden APA\/879\/2026, de 12 de agosto, por la que se definen los bienes, los rendimientos asegurables, las condiciones t\u00e9cnicas m\u00ednimas de cultivo, el \u00e1mbito de aplicaci\u00f3n, los per\u00edodos de garant\u00eda, las fechas de suscripci\u00f3n y los precios unitarios del seguro de explotaciones de uva de vinificaci\u00f3n en la Comunidad Aut\u00f3noma de Canarias, comprendido en el Cuadrag\u00e9simo S\u00e9ptimo Plan de Seguros Agrarios Combinados.<\/a> <span class=\"rss-date\">agosto 20, 2026<\/span><\/li><li><a class='rsswidget' href='https:\/\/www.boe.es\/diario_boe\/txt.php?id=BOE-A-2026-17873'>Orden APA\/867\/2026, de 3 de agosto, por la que se definen los bienes y los rendimientos asegurables, las condiciones t\u00e9cnicas m\u00ednimas de cultivo, el \u00e1mbito de aplicaci\u00f3n, los periodos de garant\u00eda, las fechas de suscripci\u00f3n y los precios unitarios del seguro de explotaciones de frutos secos, comprendido en el Cuadrag\u00e9simo S\u00e9ptimo Plan de Seguros Agrarios Combinados.<\/a> <span class=\"rss-date\">agosto 16, 2026<\/span><\/li><li><a class='rsswidget' href='https:\/\/www.boe.es\/diario_boe\/txt.php?id=BOE-A-2026-17820'>Orden APA\/865\/2026, de 3 de agosto, por la que se definen los bienes y los rendimientos asegurables, las condiciones t\u00e9cnicas m\u00ednimas de cultivo, el \u00e1mbito de aplicaci\u00f3n, los periodos de garant\u00eda, las fechas de suscripci\u00f3n y los precios unitarios del seguro de explotaciones de n\u00edspero y otros frutales, comprendido en el correspondiente Plan de Seguros Agrarios Combinados.<\/a> <span class=\"rss-date\">agosto 14, 2026<\/span><\/li><li><a class='rsswidget' href='https:\/\/www.boe.es\/diario_boe\/txt.php?id=BOE-A-2026-17753'>Orden APA\/863\/2026, de 3 de agosto, por la que se definen los bienes y los rendimientos asegurables, las condiciones t\u00e9cnicas m\u00ednimas de cultivo, el \u00e1mbito de aplicaci\u00f3n, los periodos de garant\u00eda, las fechas de suscripci\u00f3n y los precios unitarios del seguro de explotaciones de cultivos herb\u00e1ceos extensivos, comprendido en el Cuadrag\u00e9simo S\u00e9ptimo Plan de Seguros Agrarios Combinados.<\/a> <span class=\"rss-date\">agosto 13, 2026<\/span><\/li><li><a class='rsswidget' href='https:\/\/www.boe.es\/buscar\/doc.php?id=DOUE-L-2026-81314'>Reglamento Delegado (UE) 2026\/1195 de la Comisi\u00f3n, de 5 de junio de 2026, por el que se completa el Reglamento (UE) 2016\/2031 del Parlamento Europeo y del Consejo en lo que respecta al procedimiento para elaborar la lista de vegetales, productos vegetales u otros objetos de alto riesgo.<\/a> <span class=\"rss-date\">agosto 13, 2026<\/span><\/li><li><a class='rsswidget' href='https:\/\/www.boe.es\/diario_boe\/txt.php?id=BOE-A-2026-17752'>Orden APA\/862\/2026, de 3 de agosto, por la que se definen los bienes y los rendimientos asegurables, las condiciones t\u00e9cnicas m\u00ednimas de cultivo, el \u00e1mbito de aplicaci\u00f3n, los periodos de garant\u00eda, las fechas de suscripci\u00f3n y los precios unitarios del seguro de explotaciones olivareras, comprendido en el correspondiente Plan de Seguros Agrarios Combinados.<\/a> <span class=\"rss-date\">agosto 13, 2026<\/span><\/li><\/ul>\t\t<\/div>\n\t\t\t\t<\/div>\n\t\t\t\t\t\t<\/div>\n\t\t\t\t\t<\/div>\n\t\t<\/div>\n\t\t\t\t\t\t\t\t<\/div>\n\t\t\t\t\t<\/div>\n\t\t<\/section>\n\t\t\t\t\t\t<\/div>\n\t\t\t\t\t\t<\/div>\n\t\t\t\t\t<\/div>\n\t\t","protected":false},"excerpt":{"rendered":"","protected":false},"author":1,"featured_media":0,"parent":0,"menu_order":0,"comment_status":"closed","ping_status":"closed","template":"elementor_header_footer","meta":[],"_links":{"self":[{"href":"https:\/\/invernicolas.es\/index.php?rest_route=\/wp\/v2\/pages\/192"}],"collection":[{"href":"https:\/\/invernicolas.es\/index.php?rest_route=\/wp\/v2\/pages"}],"about":[{"href":"https:\/\/invernicolas.es\/index.php?rest_route=\/wp\/v2\/types\/page"}],"author":[{"embeddable":true,"href":"https:\/\/invernicolas.es\/index.php?rest_route=\/wp\/v2\/users\/1"}],"replies":[{"embeddable":true,"href":"https:\/\/invernicolas.es\/index.php?rest_route=%2Fwp%2Fv2%2Fcomments&post=192"}],"version-history":[{"count":2,"href":"https:\/\/invernicolas.es\/index.php?rest_route=\/wp\/v2\/pages\/192\/revisions"}],"predecessor-version":[{"id":196,"href":"https:\/\/invernicolas.es\/index.php?rest_route=\/wp\/v2\/pages\/192\/revisions\/196"}],"wp:attachment":[{"href":"https:\/\/invernicolas.es\/index.php?rest_route=%2Fwp%2Fv2%2Fmedia&parent=192"}],"curies":[{"name":"wp","href":"https:\/\/api.w.org\/{rel}","templated":true}]}}

<div data-elementor-type="wp-post" data-elementor-id="192" class="elementor elementor-192 elementor-bc-flex-widget" data-elementor-settings="[]">
						<div class="elementor-inner">
							<div class="elementor-section-wrap">
							<section class="elementor-section elementor-top-section elementor-element elementor-element-26ef04d elementor-section-boxed elementor-section-height-default elementor-section-height-default" data-id="26ef04d" data-element_type="section">
						<div class="elementor-container elementor-column-gap-default">
							<div class="elementor-row">
					<div class="elementor-column elementor-col-100 elementor-top-column elementor-element elementor-element-d02f9e9" data-id="d02f9e9" data-element_type="column">
			<div class="elementor-column-wrap elementor-element-populated">
							<div class="elementor-widget-wrap">
						<div class="elementor-element elementor-element-04d8a7e elementor-widget elementor-widget-wp-widget-rss" data-id="04d8a7e" data-element_type="widget" data-widget_type="wp-widget-rss.default">
				<div class="elementor-widget-container">
			<h5><a class="rsswidget" href="https://www.boe.es/rss/canal_leg.php?l=l&#038;c=101"><img loading="lazy" class="rss-widget-icon" style="border:0" width="14" height="14" src="https://invernicolas.es/wp-includes/images/rss.png" alt="RSS" /></a> <a class="rsswidget" href="https://www.boe.es/diario_boe/">Agricultura</a></h5><ul><li><a class='rsswidget' href='https://www.boe.es/diario_boe/txt.php?id=BOE-A-2026-18204'>Real Decreto 683/2026, de 26 de agosto, por el que se modifican el Real Decreto 956/2017, de 3 de noviembre, por el que se establece el marco regulador de ayudas a las organizaciones profesionales del sector de la pesca y de la acuicultura, cofinanciadas por el Fondo Europeo Marítimo y de Pesca, y sus bases reguladoras de ámbito estatal, y por el que se modifican el Real Decreto 418/2015, de 29 de mayo, por el que se regula la primera venta de productos pesqueros, y el Real Decreto 277/2016, de 24 de junio, por el que se regulan las organizaciones profesionales en el sector de los productos de la pesca y de la acuicultura; el Real Decreto 1044/2022, de 27 de diciembre, de ordenación de la flota pesquera; y el Real Decreto 1046/2022, de 27 de diciembre, por el que se regula la gobernanza del Plan Estratégico de la Política Agrícola Común en España y de los fondos europeos agrícolas FEAGA y Feader.</a> <span class="rss-date">agosto 26, 2026</span></li><li><a class='rsswidget' href='https://www.boe.es/diario_boe/txt.php?id=BOE-A-2026-18205'>Real Decreto 684/2026, de 26 de agosto, por el que se modifica el Real Decreto 1338/2018, de 29 de octubre, por el que se regula el potencial de producción vitícola.</a> <span class="rss-date">agosto 26, 2026</span></li><li><a class='rsswidget' href='https://www.boe.es/diario_boe/txt.php?id=BOE-B-2026-27920'>Extracto de la Resolución de 26 de agosto de 2026, de la Dirección Provincial del SEPE en Cádiz, por la que se anuncia convocatoria pública extraordinaria de subvenciones, en régimen de concesión directa, para la contratación de personas desempleadas, preferentemente eventuales incluidas en el Sistema Especial para Trabajadores por Cuenta Ajena Agrarios de la Seguridad Social, para la ejecución de proyectos de interés general y social y de garantía de rentas, con cargo a los fondos del PFEA 2026</a> <span class="rss-date">agosto 26, 2026</span></li><li><a class='rsswidget' href='https://www.boe.es/diario_boe/txt.php?id=BOE-A-2026-18005'>Orden APA/878/2026, de 12 de agosto, por la que se definen los bienes y rendimientos asegurables, las condiciones técnicas mínimas de cultivo, el ámbito de aplicación, los periodos de garantía, las fechas de suscripción y los precios unitarios del seguro base con garantías adicionales para uva de vinificación en la Península y en la Comunidad Autónoma de las Illes Balears, comprendido en el Cuadragésimo Séptimo Plan de Seguros Agrarios Combinados.</a> <span class="rss-date">agosto 20, 2026</span></li><li><a class='rsswidget' href='https://www.boe.es/diario_boe/txt.php?id=BOE-A-2026-18006'>Orden APA/879/2026, de 12 de agosto, por la que se definen los bienes, los rendimientos asegurables, las condiciones técnicas mínimas de cultivo, el ámbito de aplicación, los períodos de garantía, las fechas de suscripción y los precios unitarios del seguro de explotaciones de uva de vinificación en la Comunidad Autónoma de Canarias, comprendido en el Cuadragésimo Séptimo Plan de Seguros Agrarios Combinados.</a> <span class="rss-date">agosto 20, 2026</span></li><li><a class='rsswidget' href='https://www.boe.es/diario_boe/txt.php?id=BOE-A-2026-17873'>Orden APA/867/2026, de 3 de agosto, por la que se definen los bienes y los rendimientos asegurables, las condiciones técnicas mínimas de cultivo, el ámbito de aplicación, los periodos de garantía, las fechas de suscripción y los precios unitarios del seguro de explotaciones de frutos secos, comprendido en el Cuadragésimo Séptimo Plan de Seguros Agrarios Combinados.</a> <span class="rss-date">agosto 16, 2026</span></li><li><a class='rsswidget' href='https://www.boe.es/diario_boe/txt.php?id=BOE-A-2026-17820'>Orden APA/865/2026, de 3 de agosto, por la que se definen los bienes y los rendimientos asegurables, las condiciones técnicas mínimas de cultivo, el ámbito de aplicación, los periodos de garantía, las fechas de suscripción y los precios unitarios del seguro de explotaciones de níspero y otros frutales, comprendido en el correspondiente Plan de Seguros Agrarios Combinados.</a> <span class="rss-date">agosto 14, 2026</span></li><li><a class='rsswidget' href='https://www.boe.es/diario_boe/txt.php?id=BOE-A-2026-17753'>Orden APA/863/2026, de 3 de agosto, por la que se definen los bienes y los rendimientos asegurables, las condiciones técnicas mínimas de cultivo, el ámbito de aplicación, los periodos de garantía, las fechas de suscripción y los precios unitarios del seguro de explotaciones de cultivos herbáceos extensivos, comprendido en el Cuadragésimo Séptimo Plan de Seguros Agrarios Combinados.</a> <span class="rss-date">agosto 13, 2026</span></li><li><a class='rsswidget' href='https://www.boe.es/buscar/doc.php?id=DOUE-L-2026-81314'>Reglamento Delegado (UE) 2026/1195 de la Comisión, de 5 de junio de 2026, por el que se completa el Reglamento (UE) 2016/2031 del Parlamento Europeo y del Consejo en lo que respecta al procedimiento para elaborar la lista de vegetales, productos vegetales u otros objetos de alto riesgo.</a> <span class="rss-date">agosto 13, 2026</span></li><li><a class='rsswidget' href='https://www.boe.es/diario_boe/txt.php?id=BOE-A-2026-17752'>Orden APA/862/2026, de 3 de agosto, por la que se definen los bienes y los rendimientos asegurables, las condiciones técnicas mínimas de cultivo, el ámbito de aplicación, los periodos de garantía, las fechas de suscripción y los precios unitarios del seguro de explotaciones olivareras, comprendido en el correspondiente Plan de Seguros Agrarios Combinados.</a> <span class="rss-date">agosto 13, 2026</span></li></ul>		</div>
				</div>
						</div>
					</div>
		</div>
								</div>
					</div>
		</section>
						</div>
						</div>
					</div>
